(q) - 5*z(q). Determine u(0).
-3
Let u(p) = 57 + p - 27*p**2 + 22*p**2 - 58. Suppose 5*g + 7 = 2*v, -g = -0*g + 2*v + 11. Let k be (1 - 0)*(-2 - g). Determine u(k).
-5
Suppose -3*d - j + 205 = -6*d, 5*d = 2*j - 343. Let q = 69 + d. Let k(l) = -l. Give k(q).
-2
Let r(l) = 4*l - 7. Let d(x) = -5*x + 8. Let v(h) = 5*d(h) + 6*r(h). Suppose -3*k + 4*f + 8 = 0, -k - 4*f - 5 = 3. Give v(k).
-2
Let m = -1 - -3. Suppose -2*i - 2*i = 4*q - 16, 8 = m*q + 4*i. Let l(s) = -1 - s + 6*s + 0 - s**2 + q. Give l(6).
-3
Let y(d) = d - 6. Let g(a) = -a**2 - 7*a - 3. Let r be g(-6). Let j(f) = -f + 1. Let u be j(-4). Suppose u*w = -x + r - 0, 5*x = 4*w + 44. Give y(x).
2
Let q = 165 + -153. Let o(y) = 1 - 11 - y - y**2 + q*y. What is o(10)?
0
Let b(y) = 6 + 82*y + 64*y - 145*y. Calculate b(-7).
-1
Let j(c) = 11 + 4 + 39*c + 17 - 36*c - 9. Determine j(-10).
-7
Let v(i) = -6*i**3 + 5*i**2 + 3*i + 9. Let j(g) = 8*g - 37. Let r be j(4). Let u(a) = 5*a**3 - 4*a**2 - 3*a - 7. Let q(o) = r*u(o) - 4*v(o). Calculate q(2).
-3
Let n(p) = p**2 - 7*p - 5. Suppose 5*f - c + 77 = 0, 5*f + 48 = 3*c - 23. Let q be 3/((-3)/f*2). Determine n(q).
3
Let k(g) = 11*g**2 + 9*g + 16. Let r(c) = -36*c**2 - 28*c - 50. Let o(u) = 10*k(u) + 3*r(u). Determine o(-5).
30
Suppose 0 = -33*s + 38*s - 45. Let a(i) = -i**3 + s*i**2 - 31*i + 8 + 23*i - 5 + 2. Calculate a(8).
5
Let i(a) = -4*a + 5. Let z be 4/((-28)/31) + 9/21. What is i(z)?
21
Let p = 0 + -10. Let i(m) = m**3 + 11*m**2 + 11*m + 9. Let w be i(p). Let y(q) = -2*q**2 - 6*q - 2. Let n(o) = -o**2 + 1. Let u(j) = w*n(j) + y(j). Give u(-5).
2
Let s(j) = 4*j**3 + j**2 - 3*j - 5. Let p(w) = -5*w**3 + 3*w + 7. Let z(c) = 5*p(c) + 6*s(c). Calculate z(5).
15
Let s(a) = a + 6. Let v be s(-3). Let g(x) = -6 + x - x - v*x + 5*x. Calculate g(4).
2
Let m(s) = s**3 - s**2 + s - 1. Let k(x) = 2*x**3 - x**2 + 7*x - 4. Let l = -17 + 23. Let p be (-3 + 15/l)*-2. Let f(i) = p*k(i) - 3*m(i). What is f(3)?
2
Let x(c) = -c. Suppose 4*a + 3*s = 185 - 40, -s = -a + 31. Suppose 5*i + 4*v = 22, 0*i - 2*v - a = -5*i. Calculate x(i).
-6
Let q(x) = -7*x**3 + x**2 - 2*x + 1. Let c be q(1). Let r(p) = -6*p - 405*p**2 - 6 + 9*p + 406*p**2 + 2*p. Determine r(c).
8
Let d(l) = -l + 12. Suppose -3*q + q = -2*v - 30, 3*q + 4*v = 10. Suppose -8*o + 74 = q. What is d(o)?
4
Let z(f) = 5*f**2 + 13*f**2 + 9*f - 8*f**2 - f**3 + 2 - 4 - 16*f**2. What is z(-7)?
-16
Suppose 5*s - 6 = 11*s. Let i(y) = y - 1. Let n(o) = -14*o + 9. Let l(p) = -6*i(p) - n(p). Let t(q) = -q + 1. Let b(c) = l(c) + 4*t(c). Determine b(s).
-3
Let l(a) = 1 + 0 - 3*a + 0*a - a**2 + 5*a. Let z = -81 + 84. Calculate l(z).
-2
Let h(a) = -1 + 3*a + a**2 + 0 + 4. Suppose -4 = -3*z + j - 15, 0 = 2*z + 5*j - 4. Determine h(z).
3
Let f(j) be the second derivative of j**3/6 + j**2 + 10*j - 12. What is f(-16)?
-14
Let b(i) = -i**3 - i**2 + i + 2. Let x be b(-3). Suppose -6*d + x = -1. Let u(h) = h**2 + h - 3. Give u(d).
9
Let w(v) = -12*v**2 - 2*v - 1. Let y(a) = -27*a - 6. Let z be y(-3). Let k = z - 76. What is w(k)?
-11
Let m(q) = q**2 + 5*q + 7. Let d(r) = r**2 - 13*r - 18. Let u be d(14). Give m(u).
3
Let s(q) = -q + 7. Let p be s(7). Let l(z) = 6*z - 1 - 2*z**2 + p*z - z - 1. Let d(t) = 5*t**3 - t**2. Let c be d(1). What is l(c)?
-14
Let c(v) = v**3 - 6*v**2 + 4*v + 3. Let l be c(5). Let p(o) = 18*o + 16. Let q be p(-1). Let h be 2 + (q/l - -1). Let j(t) = -t**2 + 2*t - 4. What is j(h)?
-12
Suppose 5*q + 0 = -5. Let b(m) = -2. Let g(w) = -2*w - 8. Let i(u) = q*g(u) + 4*b(u). Let z = -4 - -6. Calculate i(z).
4
Let l(m) = m + 4 - 3 + 2 + m. Suppose 8*u + 41 = 1. Determine l(u).
-7
Suppose -k = -33 + 73 - 29. Let m(g) = -5*g**2 + 13*g - 1. Let d(y) = -2*y**2 + 7*y - 1. Let x(b) = 7*d(b) - 3*m(b). What is x(k)?
7
Suppose 2*k + m = -4, 4*k + 6*m = m + 4. Let s(a) = -a**2 - 4*a + 4. Let n be s(k). Let j(y) = -1 - y**2 - 6*y - y**3 + 6*y**2 + 4*y. Determine j(n).
7
Let h(o) = 24*o - 4 + 1 - 16*o + 0. Let m(x) = x - 1. Let y(k) = h(k) - 4*m(k). Give y(1).
5
Let i(d) = 4*d**2 + 4*d + 2. Suppose 134 = o + 143. Let x(j) = j + 7. Let c be x(o). Calculate i(c).
10
Let t(f) = -f**2 - 5*f - 1. Let y be t(-4). Let g be (-32)/24 - (-16)/y. Let n(v) = v**3 - 4*v**2 - 2*v + 1. What is n(g)?
-7
Let y(h) = -h**3 - 37*h**2 + 36*h - 83. Let g be y(-38). Let d(b) = b**2 + 9*b - 1. Determine d(g).
-15
Suppose 3*z + 4*o - 12 = -7, -15 = 2*z - o. Let t(m) = -m**2 - 2*m + 5. Give t(z).
-10
Let u be -1 - (8/4 + -5). Let o(d) = -d**2 + 0*d - u*d**2 + 2*d. Let i be 4 - (-3)/((-9)/6). Give o(i).
-8
Let g = -3 - 5. Let n be 4/6*(-60)/g. Let v(c) = -c**3 + 6*c**2 - 6*c + 4. Give v(n).
-1
Suppose -1 + 7 = -3*a. Let t be (-2)/(1 - a/(-4)). Let c(b) = b**2 + 4*b. Calculate c(t).
0
Suppose -6*j + j = -20. Suppose 4*f - 44 = 5*c, -f + c + 34 = j*f. Let u(k) = k - 8. Give u(f).
-2
Suppose -5*v + 3*m + 21 = -0, -2*v + 16 = -5*m. Let g(p) = 6*p + 1. Give g(v).
19
Suppose -g = -3*a + 8, -2*g + 10 = 3*a - g. Let c(n) = 4*n**2 + 2*n**2 + n**a + 5 + 19*n - 14*n. Calculate c(-5).
5
Let y(p) = -p**3 + 4*p**2 + 3. Let z be y(4). Let a(u) = u**3 - 7*u - 4*u**2 + 2*u - 6 - 2*u**z. What is a(-4)?
14
Let j = -7 - -15. Let i = 11 - j. Let o(h) = 1 - 5 - 2*h + 0*h + i*h. Calculate o(2).
-2
Let x(m) = 17 - m - 8*m**2 + m**2 + 5*m**2 + 3*m**2. What is x(0)?
17
Let h(r) = r**3 + 5*r**2 + 5*r + 6. Suppose -112*a + 110*a = 8. Calculate h(a).
2
Suppose -10*j + 344 - 334 = 0. Let i(p) = 18*p**3 - p**2 + p. What is i(j)?
18
Let w be (3/(-2) + 1)*(-5 - 3). Let s(q) = -7*q**2 + 2*q - 5. Let p(d) = -d**2 - 5*d**2 + 0*d**2 + 2*d - 4. Let k(c) = 6*p(c) - 5*s(c). Give k(w).
-7
Let n(a) be the first derivative of a**3 + a**2 + 2*a + 66. Give n(-2).
10
Let w(p) = -40*p - 8. Let s(b) = -18*b - 4. Let u(c) = 9*s(c) - 4*w(c). Calculate u(-4).
4
Let g(d) = d**3 + 14*d**2 - 16*d - 19. Suppose -135 = -651*c + 660*c. Calculate g(c).
-4
Let l(d) = d**3 - 5*d**2 + 2. Let t be l(5). Suppose -1 = t*k - 9. Let p(i) = -k + 6*i**2 + 0 + 3. Give p(1).
5
Let f(w) = 0*w**3 + 3 + w**3 + 7*w + 91*w**2 - 82*w**2 + 0. Determine f(-8).
11
Let r(x) = 6*x + 2*x**2 - 191*x**3 + 190*x**3 - 6*x**2 - 5. What is r(-5)?
-10
Let t(g) = -3*g - 2. Suppose -20*n - 92 = 26*n. Determine t(n).
4
Let k(f) = -f**3 - 6*f**2 - 4*f + 6. Suppose 438 = -4*b + 2*v, 3*v = b + 2*v + 109. Let d = 105 + b. What is k(d)?
1
Let w(i) = 3*i**2 - 13*i + 24. Let t(q) = 19*q**2 - 78*q + 145. Let n(g) = 2*t(g) - 13*w(g). Calculate n(10).
8
Let k = -1670 - -1671. Let w(a) be the first derivative of -4*a**3/3 + a**2/2 - a + 1. What is w(k)?
-4
Suppose 3*i + 25 = 31. Let k(w) = -4*w**i + w**3 - 12*w - 7 + 7 + 13*w. Give k(3).
-6
Suppose 0 = -3*m - 2 - 1. Let u(b) = -2 + 0 + 7*b - b. Let i(s) = 7*s - 3. Let v(z) = -3*i(z) + 4*u(z). Determine v(m).
-2
Let v(z) = -z + 14. Let t be v(12). Let n be 3/6 - (-3)/t. Let x(p) = -p**n + 36 - 38 + 4*p + 0*p**2. Determine x(3).
1
Let q(o) = o**2 - 15*o - 38. Let i be q(17). Let g(k) be the first derivative of -1/3*k**3 - 1 - k - 7/2*k**2. Give g(i).
11
Let l be (3/2)/((-3)/4). Let j = -5 - l. Let o(d) = 6*d**2 - 2*d - 7. Let k(u) = 13*u**2 - 5*u - 15. Let x(h) = 4*k(h) - 9*o(h). Give x(j).
-9
Let x(a) = -a - 2. Let y(w) = -3*w - 5. Suppose -2*h + 2*u - 6 = -2, -4*h = 2*u + 20. Let f(l) = h*y(l) + 11*x(l). Calculate f(-7).
-9
Let k(o) = -12*o + 23*o + 1 - 12*o. Give k(7).
-6
Let n(y) = -3*y**3 + 7*y**2 - 10*y + 18. Let p(a) = 2*a**3 + 2*a**2 + a - 2. Let b(k) = -n(k) - p(k). Calculate b(8).
-8
Let y(i) = 30*i - 14. Suppose 2*c + 21 = -7. Let o(t) = 10*t - 5. Let f(s) = c*o(s) + 5*y(s). Give f(-1).
-10
Let w(v) = v**2 + 3*v + 1. Let o = -39 - -35. What is w(o)?
5
Let h(t) = t - 1. Let d(n) = -3*n + 27. Let j(k) = -d(k) - 2*h(k). Calculate j(12).
-13
Let m(l) = -3*l**3 + 18*l**2 - 20*l + 53. Let r(j) = -j**3 + 6*j**2 - 7*j + 18. Let z(w) = -6*m(w) + 17*r(w). Determine z(6).
-6
Let f(b) = 6*b**2 - 1. Let g = -4 - -5. Let u be 4/(-2) - g*-3. Suppose c + 2 = -u, -2 = -4*d + 2*c. Determine f(d).
5
Suppose -72*k + 8*k - 896 = 0. Let x(o) = -o**3 - 15*o**2 - 18*o - 53. Calculate x(k).
3
Suppose 0*x - 14 = -2*x. Let l(t) = 0*t**2 + 3 - 10*t + t**2 + 0*t**2. Determine l(x).
-18
Let z(v) be the third derivative of -v**7/210 - v**6/360 + v**4/24 + 17*v**3/6 + 38*v**2. Let y(q) be the first derivative of z(q). Wha